etermine n(-10).
-3
Let o(k) = -8663*k - 86621. Determine o(-10).
9
Let f(p) = -p**3 - 19*p**2 - 252*p - 813. What is f(-4)?
-45
Let o(p) = -16242*p + 31902. Determine o(2).
-582
Let b(o) = -4236*o + 3693758. Determine b(872).
-34
Let q(v) = 996*v - 11938. Give q(12).
14
Let r(l) = 2*l**3 - l**2 - 255*l + 1133. Determine r(8).
53
Let j(x) = 291*x - 34846. Calculate j(120).
74
Let j(w) = 4707*w + 125985. Determine j(-27).
-1104
Let u(n) = 2664*n - 471679. What is u(177)?
-151
Let f(s) = 2*s**2 - 1638*s + 91071. What is f(60)?
-9
Let x(r) = r**3 + 173*r**2 + 6224*r + 162. Calculate x(-122).
-82
Let b(y) = 491*y**3 + 27*y**2 - 38*y + 11. Determine b(1).
491
Let q(r) = 1588*r - 12584. Determine q(8).
120
Let y(z) = -11654*z - 10220575. Calculate y(-877).
-17
Let k(i) = 3*i**3 - 37*i**2 - 5913*i + 65526. Calculate k(11).
-1
Let j(x) = -x**3 - 47*x**2 - 97*x - 2346. Give j(-46).
0
Let m(s) = 19457*s - 272406. Give m(14).
-8
Let f(c) = c**3 - 282*c**2 + 1394*c - 2372. Calculate f(277).
121
Let t(p) = -4*p**3 - 3661*p**2 - 786039*p + 333. What is t(-344)?
-11
Let o(y) = 2*y**2 + 2840*y + 835322. Give o(-1004).
-6
Let x(l) = 4*l**3 + 279*l**2 + 478*l + 130. Give x(-68).
-6
Let q(v) = 10700*v - 42791. What is q(4)?
9
Let t(o) = -2*o**3 - 8*o**2 - 9677*o - 3. Calculate t(0).
-3
Let c(m) = 63*m**2 - 5317*m + 1901. Give c(84).
-199
Let i(n) = -14*n**3 + 125*n**2 - 18*n + 74. Calculate i(9).
-169
Let d(h) = -18*h**3 - 208*h**2 - 32*h - 179. What is d(-11)?
-1037
Let m(c) = -10*c**3 - 37*c**2 - 6*c - 9. What is m(-2)?
-65
Let w(t) = -7*t**3 - 20*t**2 + 9*t + 118. Calculate w(3).
-224
Let r(w) = -30099*w - 118853. What is r(-4)?
1543
Let r(x) = x**3 - 191*x**2 + 6255*x + 82. Give r(42).
-44
Let s(w) = w**3 - 25*w**2 - 292*w - 484. Give s(-7).
-8
Let u(l) = 305*l - 63047. Calculate u(207).
88
Let r(n) = -103*n**3 - 517*n**2 - 16*n - 47. Calculate r(-5).
-17
Let d(c) = -c**3 + 116*c**2 - 1615*c - 1161. Give d(17).
-5
Let j(u) = u**3 + 130*u**2 - 99*u + 4192. Determine j(-131).
0
Let v(w) = -9*w**2 - 4208*w + 12621. Give v(3).
-84
Let w(o) = -o**3 - 15*o**2 + 1190*o + 6998. Determine w(-40).
-602
Let y(v) = v**3 - 11*v**2 - 2615*v - 394. Determine y(57).
5
Let l(p) = 2930*p + 1286283. Give l(-439).
13
Let s(f) = -659*f - 18021. Calculate s(-25).
-1546
Let t(s) = 18395*s**2 + 846172*s + 86. Calculate t(-46).
-6
Let o(h) = 33028*h - 6176232. Determine o(187).
4
Let n(t) = 14*t**3 + 749*t**2 + 1174*t + 4265. Determine n(-52).
1
Let p(n) = 2742*n - 45697. What is p(17)?
917
Let y(b) = 2*b**2 - 469*b + 5588. Give y(222).
38
Let x(q) = 334*q**2 - 225*q + 2. Calculate x(0).
2
Let l(r) = 24928*r - 872417. Calculate l(35).
63
Let n(s) = s**3 + 7*s**2 - 463*s - 62. Calculate n(18).
-296
Let x(n) = 141888*n + 993025. Determine x(-7).
-191
Let v(h) = -10569*h - 1247131. Give v(-118).
11
Let f(p) = 21708*p + 1324180. Calculate f(-61).
-8
Let d(x) = 832*x + 51703. What is d(-62)?
119
Let n(f) = f**3 + 128*f**2 + 3343*f - 900. Determine n(-37).
-12
Let y(b) = -8*b**3 + 66*b**2 + 1213*b - 9826. What is y(8)?
6
Let a(n) = -2*n**3 + 1270*n**2 + 1241*n - 788056. Determine a(635).
-21
Let l(o) = -o**2 + 159*o + 5868. What is l(-31)?
-22
Let f(g) = -3042143*g - 3042146. Give f(-1).
-3
Let n(c) = -19118*c + 1280965. Give n(67).
59
Let h(w) = 2522*w - 4886. Give h(2).
158
Let b(m) = 13485*m - 459432. Give b(34).
-942
Let q(v) = -242*v**2 + 22982*v + 814. What is q(95)?
54
Let u(t) = -2*t**3 - 18*t**2 + 129*t + 1108. Calculate u(-10).
18
Let f(h) = 7*h**3 - 36*h**2 - 5*h + 18. Calculate f(6).
204
Let c(o) = 3*o**2 + 42*o - 110. What is c(6)?
250
Let v(b) = b**3 - 2*b**2 - 142*b - 5397. What is v(21)?
0
Let j(z) = 15*z**2 - 1063*z - 85. What is j(71)?
57
Let s(d) = -254900*d - 764704. Calculate s(-3).
-4
Let k(y) = 21*y + 380. What is k(-16)?
44
Let c(j) = 625*j + 1821. What is c(-5)?
-1304
Let x(n) = 141*n**2 - 44980*n + 316. Give x(319).
-3
Let q(p) = -p**3 - 319*p**2 + 2283*p + 91. Determine q(-326).
-235
Let z(r) = -23*r**3 + r**2 + 58*r - 226. What is z(4)?
-1450
Let u(b) = -7*b**2 + 52*b + 225. Give u(0).
225
Let c(q) = -q**2 + 59*q + 1570. What is c(-18)?
184
Let t(d) = 26213*d - 288336. Determine t(11).
7
Let f(i) = 26*i**3 + 1034*i**2 - 3091*i - 21. Determine f(3).
714
Let g(k) = -2*k**3 + 95*k**2 + 181*k + 1954. Calculate g(50).
-1496
Let j(o) = 114*o**2 + 828*o + 3311. Calculate j(-4).
1823
Let s(c) = 64*c**3 - 397*c**2 + 86*c - 27. Determine s(6).
21
Let l(i) = 5284*i + 47540. Calculate l(-9).
-16
Let d(l) = -3*l**3 - 18*l**2 + 89*l - 77. What is d(4)?
-201
Let j(s) = 44*s**2 - 349*s + 2457. Calculate j(7).
2170
Let o(y) = -y**3 + 144*y**2 - 5076*y - 495. What is o(62)?
1
Let p(a) = -a**3 - 23*a**2 - 99*a - 2272. Determine p(-23).
5
Let p(u) = -25571*u - 792656. Give p(-31).
45
Let k(g) = g**3 - 115*g**2 - 199*g + 22886. Determine k(115).
1
Let d(b) = 38806*b + 271668. Calculate d(-7).
26
Let o(n) = 2*n**3 - 71*n**2 - 116*n + 182. Calculate o(37).
-3
Let s(b) = -334*b - 26364. Give s(-88).
3028
Let x(c) = 4154*c - 25258. Give x(6).
-334
Let h(u) = -u**3 + 40*u**2 - 227*u - 3437. What is h(20)?
23
Let j(a) = -a**2 + 27*a - 238. Give j(37).
-608
Let c(x) = -11*x**2 - 7892*x - 39298. Determine c(-5).
-113
Let i(k) = 385*k - 9569. What is i(28)?
1211
Let i(x) = -27*x**3 + 1837*x**2 + 981*x - 71344. Give i(68).
-12
Let s(d) = -3*d**2 + 5262*d + 5258. What is s(-1)?
-7
Let a(u) = -u**2 + 511*u - 24566. Give a(54).
112
Let y(w) = w**3 + 11*w**2 - 139*w - 247. Give y(-19).
-494
Let w(n) = 9199*n - 8258. What is w(1)?
941
Let h(u) = -1173031*u - 8211221. Calculate h(-7).
-4
Let o(m) = 3*m**3 - 92*m**2 - 62*m + 908. Give o(31).
-53
Let r(z) = 2902*z + 101315. Give r(-35).
-255
Let a(f) = f**3 - 67*f**2 + 1030*f - 888. Give a(22).
-8
Let m(k) = 3*k**2 + 4305*k + 38481. What is m(-9)?
-21
Let m(v) = 3381*v**2 - 1768263*v - 235. Give m(523).
-235
Let p(c) = -208702*c + 1878350. Give p(9).
32
Let j(g) = -g**2 + 408*g - 39845. Determine j(247).
-78
Let r(s) = 3214*s + 24991. Determine r(-8).
-721
Let c(i) = -63*i - 137. Determine c(52).
-3413
Let x(p) = -p**2 + 7598*p - 13. Give x(0).
-13
Let f(a) = 3428*a + 2173349. What is f(-634)?
-3
Let y(z) = 58683*z - 352216. Calculate y(6).
-118
Let v(u) = 2798*u - 21976. Calculate v(8).
408
Let r(i) = -377*i + 36324. What is r(94)?
886
Let s(d) = -41960*d + 125603. Calculate s(3).
-277
Let n(z) = 3*z**3 - 1177*z**2 + 77695*z + 428. What is n(84)?
8
Let u(g) = -g**2 - 895*g + 59357. Determine u(62).
23
Let f(l) = -2*l**3 + 20*l**2 + 608*l - 2691. Determine f(4).
-67
Let s(f) = 2*f**2 + 131*f + 1615. Give s(-12).
331
Let s(f) = -30095*f - 13994178. What is s(-465)?
-3
Let f(c) = 2677*c - 2561. Determine f(1).
116
Let k(a) = -7403*a - 22239. Give k(-3).
-30
Let h(o) = 7746*o - 178171. Give h(23).
-13
Let p(a) = -11504*a - 80549. Calculate p(-7).
-21
Let b(j) = -j**2 + 5*j + 2901. Calculate b(62).
-633
Let a(z) = 79*z + 1659. Determine a(-43).
-1738
Let d(o) = -293*o**2 + 802*o + 253. Calculate d(3).
22
Let r(w) = -69*w**2 + 20754*w + 4569. Calculate r(301).
54
Let w(y) = y**3 - 77*y**2 + 1023*y - 535. What is w(60)?
-355
Let n(v) = -v**3 - 2*v**2 - 70*v - 52. What is n(-11)?
1807
Let s(h) = -620*h + 5438. Calculate s(9).
-142
Let a(h) = -1083*h + 346583. What is a(320)?
23
Let r(n) = -1354*n - 27906. Determine r(-18).
-3534
Let l(c) = -9*c**2 - 318*c + 309. Determine l(-36).
93
Let p(w) = -w**3 - 17*w**2 + 132*w + 2222. Determine p(-17).
-22
Let u(s) = -2*s**3 - 4*s**2 + 33*s - 48. Calculate u(2).
-14
Let u(h) = -917*h - 66934. Determine u(-73).
7
Let a(f) = f**2 + 5965*f + 59599. Determine a(-10).
49
Let p(w) = -w**3 - 368*w**2 - 11880*w + 23905. Give p(-332).
1
Let q(r) = 854*r - 6193. Give q(6).
-1069
Let y(s) = -90*s**2 + 2629*s + 256975. Determine y(70).
5
Let r(n) = n**2 + 14830*n - 296992. Determine r(20).
8
Let f(h) = 22*h - 156. What is f(10)?
64
Let l(t) = 108*t**2 - 1209*t - 1204. Calculate l(-1).
113
Let j(y) = -50*y**2 - 5093*y + 454. What is j(-102)?
-260
Let q(u) = 2*u**3 - 102*u**2 + 1340*u - 714. Give q(23).
482
Let p(t) = -2*t**3 - 36*t**2 + 20*t - 70. Calculate p(-19).
272
Let t(m) = -3*m**3 - 2*m**2 - 48*m - 33. Calculate t(-7).
1234
Let s(j) = 14*j**2 + 238*j - 82. Determine s(-15).
-502
Let l(o) = -144*o + 14781. Calculate l